e
Is 2917719 a multiple of 63?
True
Does 17 divide 451375?
False
Does 14 divide 13902?
True
Is 70708 a multiple of 14?
False
Is 6 a factor of 13929?
False
Is 466293 a multiple of 223?
True
Is 14211 a multiple of 116?
False
Is 4848 a multiple of 101?
True
Is 161849 a multiple of 1083?
False
Does 10 divide 514398?
False
Is 133 a factor of 187427?
False
Is 1267869 even?
False
Is 1354599 a multiple of 41?
True
Is 1007490 a multiple of 17?
False
Is 20994092 a multiple of 28?
True
Is 1652770 a multiple of 360?
False
Is 8 a factor of 3046232?
True
Is 118445 a multiple of 49?
False
Does 95 divide 574640?
False
Is 190318 a multiple of 42?
False
Is 5349477 a multiple of 147?
True
Does 16 divide 2322989?
False
Is 85 a factor of 4225860?
True
Does 110 divide 117370?
True
Is 31 a factor of 27993?
True
Does 94 divide 33270?
False
Is 12 a factor of 1352232?
True
Is 10 a factor of 23460?
True
Does 64 divide 15428928?
True
Is 12 a factor of 1470156?
True
Is 162148 a multiple of 4?
True
Does 34 divide 3700764?
True
Does 70 divide 2308392?
False
Does 18 divide 191711?
False
Does 92 divide 2507736?
True
Is 447314 a multiple of 12?
False
Is 20983800 a multiple of 492?
True
Is 17 a factor of 90657?
False
Is 95 a factor of 123880?
True
Is 167408 a multiple of 16?
True
Does 6 divide 3635280?
True
Does 72 divide 156514?
False
Is 43 a factor of 6658852?
False
Is 88330 a multiple of 110?
True
Is 305 a factor of 635620?
True
Is 888355 a multiple of 173?
True
Does 273 divide 1774890?
False
Is 97664 a multiple of 224?
True
Does 20 divide 7442266?
False
Is 8 a factor of 51184?
True
Does 89 divide 134212?
True
Is 39345 a multiple of 305?
True
Does 81 divide 97359?
False
Is 929 a factor of 264765?
True
Does 31 divide 226659?
False
Is 1170 a factor of 8359650?
True
Does 16 divide 794521?
False
Is 24 a factor of 2139?
False
Is 90 a factor of 102723?
False
Is 83 a factor of 623129?
False
Is 11765 a multiple of 181?
True
Does 37 divide 7480785?
False
Is 15 a factor of 99195?
True
Does 6 divide 1359747?
False
Is 248 a factor of 12464232?
True
Is 511 a factor of 913668?
True
Is 296563 a multiple of 18?
False
Is 1217935 a multiple of 80?
False
Does 10 divide 52809?
False
Does 29 divide 277298?
True
Does 19 divide 4660056?
False
Is 15 a factor of 119235?
True
Does 128 divide 8921142?
False
Does 47 divide 412660?
True
Is 261146 a multiple of 37?
True
Is 54 a factor of 3476575?
False
Is 275288 a multiple of 104?
True
Is 7 a factor of 22031647?
False
Is 4482346 a multiple of 281?
False
Is 12 a factor of 699174?
False
Is 35 a factor of 2758?
False
Is 38 a factor of 153178?
True
Does 733 divide 2934199?
True
Does 238 divide 273745?
False
Is 90 a factor of 692573?
False
Is 141 a factor of 2257974?
True
Is 15 a factor of 246438?
False
Does 283 divide 95180?
False
Does 785 divide 6070405?
True
Is 39602 a multiple of 67?
False
Does 11 divide 22125?
False
Does 24 divide 5108809?
False
Does 13 divide 16783832?
True
Is 182 a factor of 870996?
False
Is 21555 a multiple of 15?
True
Is 2968880 a multiple of 627?
False
Is 3514 a multiple of 75?
False
Is 178283 a multiple of 9?
False
Does 90 divide 259700?
False
Is 6829443 a multiple of 13?
False
Is 395 a factor of 222780?
True
Does 344 divide 2045768?
True
Is 8059074 a multiple of 16?
False
Is 45709 a multiple of 43?
True
Is 315508 a multiple of 203?
False
Does 56 divide 48816?
False
Is 7 a factor of 64134?
True
Does 27 divide 6958900?
False
Is 91569 a multiple of 97?
False
Is 1529780 a multiple of 28?
True
Is 328 a factor of 115128?
True
Does 5 divide 4076070?
True
Is 127 a factor of 13030009?
False
Is 58698 a multiple of 54?
True
Is 7148610 a multiple of 441?
True
Is 1855475 a multiple of 17?
False
Is 483 a factor of 7771953?
True
Is 17 a factor of 653701?
True
Is 15119669 a multiple of 17?
False
Is 2947651 a multiple of 57?
False
Does 18 divide 377964?
True
Is 3150710 a multiple of 414?
False
Does 14 divide 307995?
False
Is 15678 a multiple of 201?
True
Is 234 a factor of 218088?
True
Does 19 divide 17395189?
False
Does 17 divide 371024?
False
Is 280 a factor of 659891?
False
Is 29304 a multiple of 44?
True
Does 4 divide 427034?
False
Is 74580 a multiple of 55?
True
Is 108050 a multiple of 10?
True
Is 24 a factor of 14675933?
False
Is 789984 a multiple of 26?
True
Is 96096 a multiple of 78?
True
Is 17 a factor of 1068399?
True
Is 351 a factor of 19499?
False
Does 344 divide 3739070?
False
Is 13 a factor of 2535854?
False
Does 5 divide 102144?
False
Does 119 divide 207417?
True
Does 52 divide 1090024?
True
Is 64875 a multiple of 13?
False
Does 7 divide 1197742?
True
Does 5 divide 131805?
True
Is 7321236 a multiple of 1261?
False
Does 17 divide 445488?
False
Is 7569937 a multiple of 53?
True
Does 83 divide 706103?
False
Is 14 a factor of 1300176?
False
Is 488 a factor of 157281?
False
Does 16 divide 15503615?
False
Is 1601906 a multiple of 752?
False
Does 95 divide 8429635?
True
Does 11 divide 20116?
False
Is 17 a factor of 28800?
False
Is 9 a factor of 8821691?
False
Is 1587450 a multiple of 30?
True
Does 57 divide 29098?
False
Is 27 a factor of 184599?
True
Is 141257 a multiple of 12?
False
Does 6 divide 350517?
False
Is 1762488 a multiple of 364?
True
Is 2 a factor of 14987?
False
Does 17 divide 824262?
True
Is 1708617 a multiple of 26?
False
Is 9618621 a multiple of 28?
False
Is 3 a factor of 311682?
True
Does 129 divide 952822?
False
Is 78 a factor of 200075?
False
Does 44 divide 17532682?
False
Is 178583 a multiple of 107?
True
Is 4535396 a multiple of 19?
False
Does 32 divide 245024?
True
Is 727 a factor of 1180654?
False
Is 179 a factor of 254377?
False
Is 280528 a multiple of 178?
True
Is 359 a factor of 820385?
False
Is 17 a factor of 40341?
True
Does 53 divide 227688?
True
Is 99814 a multiple of 13?
True
Is 61 a factor of 30439?
True
Is 20 a factor of 463851?
False
Is 258720 a multiple of 980?
True
Does 39 divide 589953?
True
Is 4347711 a multiple of 454?
False
Is 6 a factor of 3047879?
False
Is 24 a factor of 813192?
True
Is 366490 a multiple of 16?
False
Is 540885 a multiple of 337?
True
Does 4 divide 3329532?
True
Does 438 divide 669191?
False
Is 884115 a multiple of 37?
True
Is 144 a factor of 449541?
False
Does 1278 divide 1754694?
True
Is 177 a factor of 1081628?
False
Is 4034880 a multiple of 40?
True
Does 206 divide 1102901?
False
Is 27 a factor of 5059?
False
Is 34 a factor of 207026?
True
Does 61 divide 520568?
False
Does 321 divide 25436361?
True
Is 56 a factor of 398962?
False
Is 10 a factor of 1358370?
True
Is 4 a factor of 2042?
False
Is 66 a factor of 1041641?
False
Is 16 a factor of 12464190?
False
Is 105384 a multiple of 12?
True
Does 18 divide 3274812?
True
Is 46 a factor of 209438?
True
Is 3 a factor of 866664?
True
Is 63 a factor of 1138851?
True
Does 152 divide 2371352?
True
Is 491920 a multiple of 86?
True
Is 73 a factor of 184668?
False
Is 403 a factor of 746170?
False
Is 93 a factor of 377394?
True
Is 170 a factor of 3009170?
True
Does 251 divide 73794?
True
Is 102072 a multiple of 8?
True
Is 227 a factor of 224831?
False
Does 178 divide 970876?
False
Is 842076 a multiple of 621?
True
Is 5 a factor of 474575?
True
Does 30 divide 1067880?
True
Does 929 divide 2712428?
False
Is 32 a factor of 5972672?
True
Is 386 a factor of 2410072?
False
Does 43 divide 592526?
False
Is 76 a factor of 59432?
True
Does 522 divide 347130?
True
Is 534708 a multiple of 108?
True
Is 1111711 a multiple of 25?
False
Is 1887783 a multiple of 18?
False
Is 2940971 a multiple of 41?
True
Is 113 a factor of 3136397?
False
Is 267997 a multiple of 385?
False
Does 25 divide 407525?
True
Is 969266 a multiple of 493?
False
Is 27 a factor of 550907?
False
Is 8648 a multiple of 4?
True
Is 10931328 a multiple of 9?
True
Does 5 divide 936045?
True
Is 215 a factor of 305197?
False
Is 14 a factor of 9898?
True
Is 3742683 a multiple of 7?
True
Is 157789 a multiple of 40?
False
Is 14 a factor of 35434?
True
Is 5410034 a multiple of 14?
True
Is 18557 a multiple of 73?
False
Is 41643 a multiple of 41?
False
Is 2311395 a multiple of 223?
True
Is 15636683 a multiple of 15?
False
Is 2 a factor of 599724?
True
Does 17 divide 52604?
False
Is 72 a factor of 3825936?
True
Is 138291 a multiple of 131?
False
Is 29120 a multiple of 30?
False
Is 376476 a multiple 